on divisor of 28 and 1242577.
7
What is the highest common factor of 21668 and 4?
4
What is the highest common factor of 625 and 16825?
25
Calculate the greatest common factor of 14474 and 4.
2
What is the highest common factor of 198 and 30701?
11
Calculate the greatest common factor of 201 and 9849.
201
What is the highest common factor of 5952 and 32640?
192
Calculate the greatest common divisor of 312 and 51896.
104
Calculate the greatest common factor of 53505 and 12905.
145
Calculate the greatest common divisor of 165 and 35772.
33
Calculate the highest common factor of 20237 and 30149.
413
Calculate the highest common factor of 2058 and 2814.
42
Calculate the greatest common factor of 379588 and 308.
44
Calculate the highest common factor of 11775 and 150.
75
Calculate the greatest common factor of 85 and 62815.
85
What is the highest common divisor of 180 and 1160820?
180
Calculate the highest common divisor of 128 and 307.
1
What is the greatest common factor of 260 and 1132?
4
Calculate the highest common divisor of 245 and 45395.
35
Calculate the greatest common divisor of 2320 and 70540.
20
Calculate the highest common factor of 4210 and 1030.
10
What is the highest common divisor of 5633 and 2967?
43
Calculate the greatest common divisor of 8113 and 139080.
1159
What is the highest common factor of 11265 and 30?
15
Calculate the highest common factor of 45761 and 7504.
67
What is the highest common factor of 50140 and 1080?
20
What is the greatest common divisor of 5533 and 66?
11
What is the greatest common factor of 177429 and 426?
213
Calculate the highest common factor of 100 and 2360.
20
What is the greatest common divisor of 210 and 593985?
105
Calculate the greatest common divisor of 663 and 8211.
51
What is the greatest common divisor of 83700 and 26100?
900
Calculate the highest common divisor of 1255506 and 14.
14
What is the highest common divisor of 15089 and 1719?
191
What is the greatest common factor of 1429947 and 1266?
633
What is the greatest common factor of 19 and 439?
1
Calculate the greatest common factor of 135693 and 9.
9
What is the highest common divisor of 2212 and 2164?
4
Calculate the greatest common factor of 744 and 897760.
248
What is the highest common factor of 1061 and 5129935?
1061
Calculate the greatest common factor of 489 and 37713.
3
Calculate the greatest common factor of 12 and 2033892.
12
What is the highest common factor of 70 and 51254?
14
What is the highest common divisor of 69 and 292629?
69
What is the greatest common divisor of 231 and 9097?
11
Calculate the greatest common factor of 2247 and 4433331.
2247
Calculate the highest common divisor of 607172 and 816.
68
Calculate the highest common factor of 16 and 1604336.
16
What is the highest common factor of 69841 and 27804?
331
Calculate the highest common factor of 2907 and 2337.
57
Calculate the highest common factor of 10220527 and 362.
181
What is the greatest common factor of 97172 and 68?
68
What is the highest common factor of 50765 and 46079?
781
What is the highest common divisor of 170 and 42466?
34
Calculate the greatest common factor of 71 and 204409.
71
Calculate the greatest common divisor of 870 and 293490.
30
What is the greatest common factor of 208 and 472680?
104
What is the highest common divisor of 3884415 and 255?
255
Calculate the highest common divisor of 192 and 14712.
24
What is the greatest common factor of 240 and 5310?
30
What is the highest common divisor of 559931 and 1177?
107
Calculate the greatest common factor of 2730 and 27690.
390
Calculate the greatest common divisor of 159156 and 72.
36
What is the highest common divisor of 464 and 239134?
58
Calculate the greatest common divisor of 113169 and 634.
317
Calculate the highest common factor of 12206 and 2513.
359
Calculate the greatest common factor of 3591 and 9261.
189
What is the highest common divisor of 1596 and 23492?
28
What is the highest common divisor of 336974 and 2?
2
Calculate the highest common divisor of 85 and 16750.
5
What is the highest common divisor of 5708 and 332?
4
Calculate the highest common factor of 59218 and 10.
2
What is the greatest common divisor of 1575 and 325?
25
What is the greatest common factor of 1238302 and 182?
26
What is the highest common factor of 14453 and 2980?
149
What is the highest common factor of 8 and 18887544?
8
Calculate the highest common factor of 24332 and 2844.
316
What is the greatest common divisor of 38475 and 66177?
1539
What is the highest common divisor of 62628 and 306?
102
What is the greatest common divisor of 3620 and 460?
20
What is the highest common factor of 68338 and 329?
47
What is the highest common factor of 60 and 576030?
30
What is the highest common divisor of 384540 and 468?
156
What is the highest common factor of 3957 and 15?
3
Calculate the highest common factor of 6564 and 14.
2
Calculate the greatest common factor of 1220 and 280.
20
What is the highest common divisor of 976968 and 24?
24
Calculate the highest common divisor of 61610 and 244.
122
What is the highest common divisor of 186 and 11966?
62
What is the highest common divisor of 24 and 17877?
3
What is the highest common divisor of 40 and 444740?
20
What is the highest common factor of 6434 and 2?
2
What is the highest common factor of 20100 and 290244?
804
Calculate the highest common factor of 1568315 and 175.
35
Calculate the greatest common divisor of 62682 and 16647.
93
What is the greatest common divisor of 106 and 882397?
53
Calculate the greatest common factor of 8 and 10394.
2
Calculate the highest common divisor of 13 and 25649.
13
Calculate the highest common divisor of 50 and 1938175.
25
What is the highest common factor of 1128 and 6792?
24
Calculate the highest common divisor of 2 and 31374.
2
What is the highest common divisor of 5 and 440585?
5
Calculate the greatest common factor of 41857 and 513.
19
Calculate the highest common divisor of 8135 and 55.
5
What is the greatest common factor of 41875 and 871?
67
Calculate the highest common divisor of 97874 and 56.
14
Calculate the highest common factor of 7 and 9626302.
7
Calculate the highest common divisor of 103791 and 87.
87
Calculate the highest common divisor of 118 and 52274.
118
Calculate the greatest common divisor of 2184 and 2100.
84
Calculate the highest common factor of 632 and 5214.
158
What is the greatest common factor of 563409 and 4851?
693
Calculate the greatest common divisor of 14 and 108374.
14
Calculate the highest common divisor of 12719 and 77.
7
Calculate the highest common divisor of 3058 and 110.
22
What is the highest common factor of 6984 and 108?
36
Calculate the highest common factor of 288 and 6957.
9
What is the greatest common divisor of 179416 and 328?
328
Calculate the highest common divisor of 159 and 247139.
53
What is the highest common factor of 1904230 and 20?
10
What is the greatest common divisor of 717 and 65008?
239
What is the highest common divisor of 134500 and 225?
25
Calculate the highest common factor of 110373 and 30.
3
Calculate the highest common factor of 268580 and 320.
20
What is the greatest common divisor of 5724 and 14204?
212
What is the greatest common factor of 11 and 7920?
11
What is the highest common divisor of 358050 and 10780?
770
What is the highest common divisor of 1302 and 3912?
6
What is the greatest common factor of 346047 and 351?
39
What is the greatest common factor of 230 and 12950?
10
Calculate the highest common divisor of 355500 and 600.
300
Calculate the greatest common divisor of 757145 and 5.
5
Calculate the highest common divisor of 29 and 44167.
29
What is the highest common factor of 4 and 3099?
1
Calculate the greatest common factor of 31522 and 6.
2
What is the highest common divisor of 32 and 716336?
16
Calculate the greatest common factor of 3358 and 5198.
46
Calculate the highest common divisor of 4712 and 2728.
248
Calculate the greatest common divisor of 10565 and 80.
5
What is the highest common factor of 91743 and 4452?
159
What is the greatest common divisor of 115704 and 12?
12
What is the greatest common factor of 29560 and 64?
8
What is the highest common divisor of 3915 and 3335?
145
What is the greatest common factor of 5954 and 26?
